 prime number?
False
Suppose 7 = -5*s + 4*s. Is (2723/(-14))/(s/98) a prime number?
False
Suppose -5*f - 4 = 5*c - 2*c, -2*f = -c + 6. Suppose 13*l = 9*l - 3816. Is (l/(-3 - 0))/c prime?
False
Suppose w + 5 - 7 = 0. Suppose 3*x + 0*g - 4345 = w*g, g = -5. Let n = -831 + x. Is n a prime number?
False
Let h = 65 - 63. Suppose 4831 + 1947 = h*a. Is a a prime number?
True
Let d be -3*(4 + (-8)/6). Let q be (8/d + 0)/((-2)/4954). Let m = q + -1606. Is m prime?
False
Suppose -b = -2*u + 38478, 3*u - 30*b = -27*b + 57705. Is u a prime number?
False
Let h = 2163 - 163. Suppose 3*v + 2*z - h - 19093 = 0, -14057 = -2*v - 3*z. Is v composite?
True
Let h = 457273 + -230730. Is h prime?
False
Suppose -40*g + 1181866 + 3472174 = 0. Is g a prime number?
True
Let g(r) = -120*r**3 + 7*r**2 - 18*r - 59. Is g(-8) prime?
False
Let a(g) = 102*g + 13. Suppose -5*u = 2*k - 2*u - 18, 5*k + 2*u = 34. Suppose -k*l + 48 = 6. Is a(l) a composite number?
False
Let n = 6034 - 6041. Let s be (-2)/(2/(-69)) + 0. Let c = s + n. Is c a composite number?
True
Let p = -72541 + 202782. Is p composite?
False
Suppose 0 = 4*r + 65 - 73. Let a be 8/(-14) + (-203943)/(-21). Suppose -r*s = -11*s + a. Is s prime?
False
Let k = 55 - 52. Let t be (4902 + 2)/(-1) - k. Let c = 10210 + t. Is c prime?
True
Let x = -615525 + 1213970. Suppose 5*t = -3*o + o + 239406, 5*t = 5*o - x. Is o prime?
False
Let a be 15/35 - 25/(-7). Suppose -5*u + p + 45701 = 0, 0*u + a*p = -2*u + 18276. Suppose 3754 = 6*j - u. Is j composite?
True
Let l = -37 + 1. Let i be (1 - -2)*4188/l. Let o = i - -794. Is o a prime number?
False
Let l(m) = 6*m**2 - 4. Let u be l(-2). Let f = -18 + u. Suppose -f*v = -694 - 372. Is v prime?
False
Let r = -19795 + 20528. Is r a prime number?
True
Suppose 3*p + 1484 = -1210. Suppose -5*v + 4*d + 6943 = 0, -4*d = -4*v + 56 + 5496. Let t = p + v. Is t prime?
False
Suppose -40*k + 34*k = -523002. Is k prime?
False
Let m(v) = 305*v - 20. Let o(a) = -1. Let x(j) = m(j) - 10*o(j). Let u be x(8). Suppose -u = -2*n + 844. Is n composite?
False
Let u = 18401 - 7098. Suppose 3086 = n - q, 1037 = 4*n - 2*q - u. Suppose -n = -27*i + 21*i. Is i a composite number?
True
Suppose 5*s - 1516957 = 2*k, 0 = -2*k - 102 + 90. Is s a prime number?
True
Let a(g) = -21*g - 49. Let i be a(9). Is (-352614)/i - 8/14 a composite number?
False
Let u(h) = 524*h - 1. Let c be u(1). Let j = c - 929. Let y = 263 - j. Is y composite?
True
Suppose -c + 11 = 13. Let t be (-3 - c)*(-1371 - 2). Suppose -t - 3031 = -4*j + 5*a, 0 = -4*a. Is j a prime number?
False
Let f = 2252734 - 1552235. Is f composite?
False
Let v = -566163 + 1351412. Is v prime?
True
Suppose 0 = -4*j - 3*n - 4, -5*n + 3 - 23 = 0. Suppose -1783 - 1049 = -8*b. Suppose 4*k + 4*u - 1448 = 0, -3*k + b = -j*k - u. Is k prime?
False
Let y = -35704 - -35702. Let j = -6747 + 3753. Is (-5 - y)/6*j composite?
True
Suppose 16*x - 5*x - 47850 = 0. Let j = -2347 + x. Is j a prime number?
True
Suppose -951939 = -3*q + 175*d - 173*d, -4*d = 12. Is q composite?
True
Let z be 0 - (-2)/(-5) - (-1242)/230. Suppose 4*p = -2*i + 7674, 19157 = z*i + p + 2*p. Is i a prime number?
False
Suppose 5*v - 178*l = -177*l + 500508, v = 2*l + 100089. Is v composite?
False
Let s = -3407 + 3407. Let v(h) be the third derivative of -h**6/120 - h**4/12 + 211*h**3/6 - 2*h**2. Is v(s) prime?
True
Let o(z) = -93110*z + 8967. Is o(-10) composite?
False
Let q(r) = 778*r**2 + 7*r + 3. Let a be (-11 - -10) + (8 - (2 - -1)). Is q(a) a prime number?
True
Let i(j) = -132*j - 5. Let u = 123 - 113. Suppose 0 = -l - u + 6. Is i(l) a prime number?
True
Let v = -192 - -122. Suppose 5*i + 1910 = 5*g, -4*g - 55*i = -58*i - 1533. Let f = g + v. Is f composite?
False
Suppose -434*s + 427*s = -1653785. Is s composite?
True
Let q(l) = 10*l**2 + l**3 + 1 + 13*l - 23*l + 18. Let o be q(-11). Is 37*(o + (-1 - 2)) a prime number?
False
Let y(t) = -t**3 - 25*t**2 + t - 61. Suppose 6*x + 156 + 18 = 0. Is y(x) prime?
False
Suppose -m = -c - 5961, 0*c - 5977 = -m + 5*c. Suppose m = 4*d + 3*d. Is d prime?
False
Suppose -11*j + 1024722 = 17*j - 429346. Is j a prime number?
False
Let v(z) = 20*z - 107 - 253*z - 152 - 139*z - 86*z. Is v(-16) prime?
True
Let x(s) = 13*s**3 + 2*s**2 + 2*s - 13. Let l be x(-6). Let g = l - -4688. Is g prime?
False
Suppose -3*w = 3*r - 1116, -r + 364 = 6*w - w. Suppose -r = -g + 4*u, 3*u + 1444 = g + 3*g. Suppose -p = -161 - g. Is p composite?
True
Suppose -4*x - 3*c = -681, -x - c + 146 + 25 = 0. Suppose 2*p = 4*p - x. Suppose 34*w - 30*w - p = 0. Is w a composite number?
True
Suppose 6*a - 73086 - 74334 = 0. Suppose a + 14371 = 7*n. Is n composite?
False
Let w = 4493 + -2993. Suppose -13*o + 5*o = -2312. Let q = w - o. Is q a prime number?
False
Let t = 496 - 454. Is t/28*(0 - 3516/(-9)) prime?
False
Suppose -9*t - 1180 = -6841. Let o = 1018 - t. Is o a prime number?
True
Suppose 0 = 4*y - 5*g - 3891400, -16*y + 17*y + 4*g = 972829. Is y prime?
False
Let b = -3339 + 4692. Suppose -19*t + 8*t = -6*t. Suppose -a + b + 2434 = t. Is a prime?
False
Is 2/(-10 + 6928896/692888) composite?
True
Let h = -276 + 278. Is 5266*h*(-1)/(-4) prime?
True
Let q = 507 - 503. Suppose -4*b = 3*z - 6*z - 17684, -17684 = -q*b + 2*z. Is b composite?
False
Let s(v) = -1411*v - 292. Let t be s(8). Is t/30*37*1/(-2) a prime number?
False
Suppose -d + 2648 = 3*m, 12*d + 405 = m - 453. Suppose -2*x - 6*s + 2*s = 866, -3*s + 9 = 0. Let a = m + x. Is a a prime number?
True
Suppose -3*n + 16 - 121 = 0. Let d be (n + 7)/(2/(-73)). Suppose 5*p = -0*h + 5*h + 2565, d = 2*p - 4*h. Is p a composite number?
True
Suppose 11*c = 15*c - 4*w - 4167812, w + 5209749 = 5*c. Is c prime?
True
Suppose n + 0*n = 2722. Suppose 0 = 18*f - 35*f + 34. Suppose -o - 5*p = -1361, n = 4*o - 2*o + f*p. Is o prime?
True
Suppose 10026505 = 12*r + 3179677. Is r composite?
False
Suppose -49*m + 1425 = -5337. Suppose -r = 117 + 262. Let f = m - r. Is f a prime number?
False
Let y = -158 - -160. Is 5 + 2 + 998 - y prime?
False
Let g(s) = s**3 - 13*s**2 - 5*s + 14. Let i be g(10). Let a be (-1 + -588)/(2/10). Let x = i - a. Is x prime?
True
Let g(a) = a**3 - 92*a**2 - 135*a + 25. Is g(96) a composite number?
False
Suppose -2*s = -4*x - 1040582, 2*s + 2825*x = 2822*x + 1040540. Is s a prime number?
True
Let o = 1577 + -787. Let p = 3397 + o. Is p a prime number?
False
Suppose 5*u - 1210014 = 1585321. Is u prime?
True
Let y(n) = -5*n**3 + 3*n**2 + 2*n. Let s be y(3). Let d = s + 55. Let w = d - -70. Is w composite?
False
Suppose 29418 = 9*o - 3981. Suppose -g + 2*p + 880 + o = 0, 0 = 4*g + 5*p - 18377. Is g a composite number?
True
Suppose -6*m + 9360 = -9246. Let f = m - 264. Is f a composite number?
False
Suppose 6*f + 39628 = -113144. Is f/5*((-150)/(-12) - 15) composite?
True
Is 829172/7 - (-17)/(-1785)*15 a prime number?
True
Suppose 2*l - o = 631982, 3*o = -o + 8. Is l/4*3/6 a composite number?
False
Suppose -95*s + 90*s = -55. Let n be s/2 + 3/(-6). Suppose -4*k + 4551 = n*u, k = u - 0*u - 912. Is u a prime number?
True
Suppose 66*i - 1707164 = -220118. Is i prime?
True
Let r = -145 - -148. Suppose u - 2*u + 2185 = -2*z, 0 = 3*u - r*z - 6546. Is u prime?
True
Suppose 2*k - 3*m = 7*k - 67, 2*k = 2*m + 30. Suppose 9203 = k*s - 9109. Let g = 1853 - s. Is g composite?
True
Suppose -66*g + 101*g + 4550 = 0. Let m be (-2)/6 + 1672/(-6). Let u = g - m. Is u composite?
False
Suppose 3*j - 45995 - 28643 = 58679. Is j a composite number?
True
Suppose 0 = -3364*l + 3293*l + 10702753. Is l prime?
True
Is 1/((-15)/21) + 2393658/95 a prime number?
False
Suppose -1455*p = -1470*p + 140025. Is p a prime number?
False
Let q = -68 - -103. Suppose -7*o + 14*o = -q. Is (-413 + -2)/o - -3 composite?
True
Let k be 4/16*(1 - (-2 + -1)). Let u(d) = 1697*d - 4. Is u(k) prime?
True
Suppose 324*w - 287*w - 3529023 = 0. Is w composite?
True
Let c(j) = -3*j**3 + j**2 + 13*j - 96. Let t be c(5). Suppose 2 - 6 = -4*g. Is (t/2)/(g/(-2)) a composite number?
True
Suppose 3*r + 395230 = -5*l + 1749725, -541798 = -2*l + 3*r. Is l a composite number?
False
Let h be (-1)/(6/4*(-13)/(-78)). Is (3/(-6))/(h + (-8071)/(-2018)) composite?
False
Suppose 0 = -2*m + 4, 14558 = 5*q + 4*m - 14805. Let s = -2830 + q. Is s a prime number?
True
Is (1460271/(-12))/((-2)/40 + (-7)/35) a prime n